9 and 3123?
9
What is the greatest common factor of 81 and 12?
3
Calculate the highest common divisor of 124 and 4.
4
What is the highest common factor of 288 and 64?
32
Calculate the greatest common divisor of 178 and 5.
1
Calculate the highest common factor of 100 and 60.
20
Calculate the highest common divisor of 3780 and 280.
140
What is the greatest common divisor of 2220 and 360?
60
What is the highest common factor of 1190 and 7?
7
What is the highest common factor of 42 and 30?
6
Calculate the highest common factor of 244 and 48.
4
Calculate the greatest common factor of 1919 and 171.
19
Calculate the greatest common divisor of 3201 and 194.
97
Calculate the greatest common factor of 60 and 8420.
20
What is the greatest common factor of 28 and 6496?
28
Calculate the highest common factor of 294 and 2842.
98
What is the highest common divisor of 1008 and 1104?
48
What is the highest common divisor of 273 and 21?
21
What is the greatest common factor of 68 and 2074?
34
What is the highest common divisor of 21 and 1295?
7
Calculate the greatest common divisor of 92 and 900.
4
What is the greatest common factor of 19711 and 23?
23
What is the highest common factor of 1 and 73?
1
What is the greatest common divisor of 16 and 46616?
8
Calculate the highest common divisor of 496 and 31.
31
What is the highest common divisor of 15 and 250?
5
What is the highest common divisor of 629 and 37?
37
Calculate the highest common divisor of 504 and 288.
72
What is the highest common factor of 13775 and 76?
19
What is the highest common factor of 45 and 60?
15
What is the highest common factor of 22 and 3938?
22
What is the highest common factor of 75 and 1025?
25
Calculate the greatest common factor of 598 and 325.
13
Calculate the greatest common divisor of 110 and 22.
22
Calculate the greatest common divisor of 2544 and 840.
24
Calculate the highest common divisor of 27 and 783.
27
What is the highest common factor of 273 and 42?
21
What is the greatest common factor of 6 and 156?
6
Calculate the greatest common divisor of 3996 and 54.
54
What is the highest common divisor of 9 and 9?
9
What is the greatest common divisor of 366 and 18?
6
What is the greatest common factor of 38 and 570?
38
What is the highest common divisor of 10 and 410?
10
What is the highest common factor of 63 and 81?
9
Calculate the highest common factor of 152 and 32.
8
Calculate the highest common factor of 117 and 9.
9
What is the greatest common divisor of 21 and 168?
21
Calculate the highest common divisor of 837 and 589.
31
What is the greatest common divisor of 10 and 1390?
10
What is the greatest common divisor of 114 and 81966?
114
Calculate the highest common divisor of 1026 and 798.
114
Calculate the highest common divisor of 21 and 84.
21
Calculate the highest common divisor of 217 and 28.
7
Calculate the highest common divisor of 1178 and 124.
62
Calculate the greatest common divisor of 182 and 598.
26
Calculate the greatest common divisor of 3725 and 298.
149
What is the highest common factor of 266 and 14?
14
Calculate the highest common factor of 56 and 91.
7
Calculate the greatest common divisor of 54 and 42.
6
What is the highest common divisor of 52 and 1300?
52
Calculate the highest common divisor of 152 and 19.
19
Calculate the greatest common divisor of 80 and 280.
40
Calculate the greatest common divisor of 196 and 4732.
28
What is the greatest common factor of 7252 and 588?
196
What is the highest common factor of 72 and 19944?
72
Calculate the greatest common divisor of 688 and 16.
16
What is the highest common divisor of 37196 and 102?
34
Calculate the greatest common divisor of 129 and 516.
129
What is the greatest common divisor of 5740 and 560?
140
What is the highest common divisor of 2225 and 25?
25
Calculate the greatest common divisor of 420 and 80.
20
Calculate the highest common factor of 66 and 220.
22
What is the greatest common factor of 966 and 336?
42
What is the highest common divisor of 620 and 20?
20
What is the greatest common factor of 2875 and 5?
5
What is the highest common divisor of 244 and 671?
61
Calculate the greatest common factor of 44 and 8.
4
What is the highest common divisor of 70 and 20?
10
Calculate the greatest common factor of 10 and 1790.
10
Calculate the highest common factor of 11 and 2497.
11
What is the highest common factor of 23 and 2990?
23
What is the highest common factor of 12769 and 113?
113
Calculate the greatest common factor of 50 and 575.
25
Calculate the highest common factor of 2 and 41.
1
What is the greatest common factor of 13 and 832?
13
Calculate the greatest common factor of 560 and 470.
10
What is the greatest common divisor of 40 and 3180?
20
What is the highest common divisor of 187 and 1166?
11
Calculate the greatest common factor of 1218 and 14.
14
Calculate the highest common divisor of 306 and 272.
34
Calculate the highest common divisor of 18 and 135.
9
Calculate the greatest common factor of 98 and 70.
14
Calculate the greatest common divisor of 25 and 75.
25
Calculate the greatest common factor of 63 and 259.
7
Calculate the greatest common factor of 150 and 90.
30
Calculate the highest common divisor of 287 and 41.
41
What is the highest common divisor of 15 and 435?
15
Calculate the highest common divisor of 208 and 1508.
52
What is the greatest common factor of 78 and 24?
6
Calculate the highest common divisor of 285 and 555.
15
What is the greatest common divisor of 5440 and 595?
85
Calculate the greatest common factor of 323 and 391.
17
What is the highest common divisor of 153 and 9?
9
Calculate the greatest common factor of 4448 and 64.
32
Calculate the greatest common divisor of 52 and 576.
4
What is the greatest common divisor of 120 and 6180?
60
What is the greatest common factor of 32 and 608?
32
Calculate the greatest common divisor of 24 and 1416.
24
What is the highest common factor of 32 and 14792?
8
Calculate the greatest common divisor of 8554 and 52.
26
What is the highest common divisor of 476 and 68?
68
What is the greatest common divisor of 32 and 43424?
32
What is the greatest common factor of 744 and 168?
24
Calculate the highest common factor of 371 and 14.
7
What is the greatest common factor of 492 and 3?
3
Calculate the highest common divisor of 14 and 1470.
14
What is the greatest common divisor of 13 and 22360?
13
What is the greatest common divisor of 594 and 11?
11
What is the highest common factor of 1230 and 90?
30
What is the greatest common divisor of 210 and 5?
5
Calculate the greatest common divisor of 3451 and 238.
119
What is the greatest common divisor of 72 and 189?
9
Calculate the highest common divisor of 3255 and 45.
15
Calculate the greatest common factor of 765 and 170.
85
What is the greatest common factor of 9 and 519?
3
Calculate the greatest common factor of 3975 and 150.
75
What is the greatest common divisor of 645 and 15?
15
Calculate the greatest common divisor of 312 and 286.
26
What is the highest common divisor of 434 and 124?
62
Calculate the greatest common divisor of 612 and 252.
36
Calculate the greatest common factor of 584 and 8.
8
What is the greatest common divisor of 1060 and 60?
20
Calculate the highest common factor of 63 and 441.
63
What is the greatest common divisor of 299 and 38272?
299
Calculate the greatest common factor of 120 and 420.
60
What is the greatest common factor of 1946 and 56?
14
What is the greatest common divisor of 819 and 5148?
117
Calculate the greatest common divisor of 774 and 72.
18
What is the highest common divisor of 14 and 42?
14
What is the greatest common divisor of 63 and 9?
9
Calculate the highest common factor of 60 and 580.
20
What is the greatest common divisor of 40 and 136?
8
Calculate the highest common factor of 27 and 6.
3
What is the greatest common divisor of 435 and 4089?
87
What is the greatest common factor of 378 and 7392?
42
Calculate the greatest common divisor of 440 and 640.
40
Calculate the highest common divisor of 2222 and 11.
11
Calculate the greatest common divisor of 54 and 1107.
27
Calculate the greatest common divisor of 110 and 11220.
110
Calculate the highest common factor of 2046 and 310.
62
What is the highest common factor of 8 and 10?
2
What is 